se 5*s + 725 = n, 4*n = -5*s - 768 + 18. Let r = 218 + s. Let x(v) = 2*v**3 + 2*v - 2. Let p be x(2). What is the greatest common divisor of p and r?
18
Let y be (-3)/(-3) - (-2 + -3). Calculate the highest common factor of y and 45.
3
Let u be 4 + (0 - 2) + 142. What is the greatest common divisor of 36 and u?
36
Suppose -993*w = -997*w + 8. What is the greatest common factor of 1 and w?
1
Let k be (-2)/(-9) + (123488/36)/8. What is the greatest common divisor of k and 26?
13
Suppose 4*k - 898 = 2*k. Let p = 729 - k. Suppose 0 = 5*o - o - p. What is the greatest common factor of 14 and o?
14
Let r = 2242 + -931. What is the greatest common factor of 57 and r?
57
Let c(x) = 2*x**2 + 7*x + 9. Let i be c(-6). Let z(m) = -20*m + 186. Let p be z(8). What is the greatest common divisor of i and p?
13
Suppose 3*x - 6 = 3*b, -b + 2*x = -3*b + 4. Suppose b = w - 6 - 2. Calculate the greatest common factor of 2 and w.
2
Let v be (1/(-2))/(7 + 1266/(-180)). Calculate the highest common divisor of 105 and v.
15
Let d = 262 - 137. Calculate the greatest common factor of d and 50.
25
Let z be (0 + 6)/((-12)/(-8)). Let k be (-33)/2*(-144)/54. What is the highest common divisor of k and z?
4
Suppose 2*h + 5*q = 6, -4*h + 5*q = 2 - 14. Let f be h/(-15) - 132/(-10). Let w = 15 - f. Calculate the highest common factor of w and 4.
2
Let a(k) = -k**3 - 8*k**2 - 10*k. Let x be a(-7). Let q be (68/(-102))/((-2)/21). What is the greatest common divisor of q and x?
7
Let z(v) = v + 2*v**2 - 2*v**2 + v**2 + 0*v**2. Let m be z(-4). Suppose -4*c + 132 = -348. What is the highest common divisor of c and m?
12
Suppose 0*g - g = 5*g. Suppose 24*r - 23*r - 9 = g. What is the highest common factor of r and 36?
9
Suppose 88*y = 9574 + 49122. Calculate the greatest common factor of 29 and y.
29
Let s be (-5 + (-33)/(-6))/((-2)/72). Let b(m) = -32*m - 70. Let z be b(s). What is the greatest common factor of 46 and z?
46
Suppose 54 = 2*s - 30. Suppose s = 2*b - 22. Let p(c) = 9*c - 1. Let v be p(1). What is the greatest common factor of v and b?
8
Suppose -4*c - 5*f + 31 = -30, 0 = -4*c + f + 79. Suppose 45 = 2*q + 4*s - 137, -469 = -5*q - 3*s. What is the greatest common divisor of c and q?
19
Suppose -2*o = o - 33. Suppose 4*m - 28 = -x - 6, o = m + 3*x. What is the highest common divisor of m and 55?
5
Let p = -150 - -260. Calculate the highest common factor of 66 and p.
22
Let w = -1778 + 1799. Suppose -2 + 3 = -i - 3*c, 15 = -3*c. Calculate the highest common divisor of i and w.
7
Suppose 0 = -3*i + 3*j - j - 1, 5*i + 3 = 4*j. Let y be 184 - i/((-4)/(-16)). Suppose 252 + y = 6*m. What is the greatest common divisor of 9 and m?
9
Let s = -1174 - -532. Let x be s/(-5) - (-2)/(-5). What is the greatest common factor of x and 32?
32
Let d(o) = -6*o + 312. Let h be d(45). What is the greatest common divisor of h and 938?
14
Let q = 53 + -20. Suppose q = 2*o - 3. Calculate the greatest common divisor of 45 and o.
9
Let j = 37 + -14. Let y = -94 - 71. Let h = y - -372. What is the greatest common factor of j and h?
23
Let q be 10/10*(17 - (2 - 1)). Let z(p) = -p + 10. Let a be z(6). Calculate the greatest common factor of a and q.
4
Suppose 4*m + 74 = 2*i + 2*m, 5*i = -3*m + 225. Let r = -645 + 651. What is the greatest common factor of i and r?
6
Let l(b) = 21*b. Let v be l(5). Let w = 21 + -22. Let z be (3 - 4)*-14 - w. What is the highest common divisor of v and z?
15
Suppose 3*q = 8*q, 2*q = n - 12. Suppose 118 = 3*b + 13. Suppose 0 = 3*l - b - 1. What is the greatest common factor of n and l?
12
Let k be 32 + (2 - (4 - 0) - 2). What is the greatest common factor of 4 and k?
4
Let d(l) = l**3 - 7*l**2 - 5*l + 6. Let j be d(8). Let q(s) = -3*s + 9. Let i be q(-2). Calculate the highest common divisor of j and i.
15
Let c be 145 + 6/(-12)*(-2)/(-1). Calculate the highest common divisor of 9 and c.
9
Let f(n) = -81*n - 78. Let c be f(-1). Let k be (-1 - -5)*2/4. Calculate the highest common factor of k and c.
1
Suppose 16 = 6*s - 2*s. Suppose 0 = s*w - 645 - 75. Calculate the greatest common factor of 20 and w.
20
Let i be (-3625)/(-225) - (-1)/(-9). Calculate the highest common divisor of i and 784.
16
Let t be (18/21)/((-30)/(-560)). Calculate the greatest common divisor of t and 256.
16
Suppose 2*o - 320 - 208 = 0. What is the highest common divisor of o and 33?
33
Suppose 0*n + 38 = -3*z - 2*n, 4*z = 3*n - 45. Suppose -4*t = -151 - 285. Let f be (-3)/z*4 + t. Calculate the highest common divisor of 22 and f.
22
Let p(f) = 6*f**2 - 6*f - 3. Suppose 2*b - 2 = 3*b. Let z be p(b). What is the highest common factor of 22 and z?
11
Let b(n) = 33*n + 2. Let p(q) = 17*q + 1. Let w(s) = 2*b(s) - 5*p(s). Let f be w(1). Let d = -14 - f. What is the greatest common divisor of d and 6?
6
Let a(u) = -3*u - 8. Let h be a(-8). Suppose o + 3*o + 3*v = 719, -4*v - 156 = -o. What is the highest common divisor of h and o?
16
Let i(w) = -12*w + 20. Let b be i(-3). Calculate the greatest common factor of b and 16.
8
Let w be (-10)/(-25) + (-1078)/(-55). Calculate the highest common factor of w and 310.
10
Suppose -5*d = -5*u - 130, 2*d - 3*u = 44 + 8. Calculate the greatest common factor of d and 130.
26
Let d = 879 + -168. What is the greatest common divisor of 9 and d?
9
Let k(l) = l**2 - 2*l + 84. Let y be k(0). Calculate the highest common divisor of 12 and y.
12
Let k(f) be the first derivative of f**2 + 2*f - 6. Let i be (-2 + (3 - 0))*3*2. Let j be k(i). Calculate the highest common divisor of j and 21.
7
Let n(r) = -r**3 - 7*r**2 + 9*r + 8. Let h be n(-8). Suppose h = 4*f - 265 - 1087. Suppose -f = -3*x - 2. Calculate the highest common divisor of x and 16.
16
Let y(x) = 18*x**2 - 61*x - 264. Let j be y(-4). What is the highest common divisor of 134 and j?
134
Let p = 310 + -258. Calculate the greatest common factor of 4 and p.
4
Let v(f) = f**2 - 3*f + 25. Let o be v(-9). What is the highest common factor of 21 and o?
7
Let a(m) = m**2 + 3*m - 6. Let q(w) = 4*w + 2. Let x be q(-4). Let f = -11 - x. Let y be a(f). What is the highest common divisor of 84 and y?
12
Let m be ((-1)/1)/(-2 - -3) + 96. Let u = m + -80. What is the highest common divisor of u and 45?
15
Let j = -28 - -22. Let p be 8/24 - (-38)/j. Let h be (7 + p)*1*13. Calculate the highest common divisor of h and 39.
13
Let i be 209*-1*(-9 - -6)/3. What is the greatest common divisor of 152 and i?
19
Let n(h) = -h**2 - 24*h + 1. Let d be n(-17). What is the highest common factor of d and 72?
24
Suppose 0 = 3*l - p - 3, 2*l - p = -0*p + 3. Suppose 4*i - 12 = u, 4*i = -l*i - u + 4. Let f = 2 + 3. What is the greatest common divisor of i and f?
1
Suppose 60 - 22 = 2*b. Suppose 0*k + k = -t + 76, -3*t = 5*k - 380. Calculate the greatest common divisor of b and k.
19
Let r be 88*(0/(-2) - 2/(-4)). Calculate the greatest common divisor of r and 77.
11
Let z be (-6 + (-153)/(-18))/(2/12). Let d be (3 - 3/z)/((-2)/(-70)). What is the highest common factor of 14 and d?
14
Suppose -3*g + 696 - 213 = 0. Let s(u) = -26*u - 2005. Let h be s(-78). Calculate the greatest common divisor of h and g.
23
Let b(z) = -z**2 - 5*z + 6. Let u be b(-5). Suppose 0 = 10*k - 9*k + 6. Let d be u*(-9)/k - 2. Calculate the highest common divisor of 63 and d.
7
Let j = -1482 - -1551. What is the greatest common factor of j and 15?
3
Let s = 98 - 59. Suppose -4*y + s = n, 0 = y + 3*n - 10 + 3. Calculate the highest common factor of y and 90.
10
Let q(k) = 4*k**3 + 3*k**2 - k + 1. Let n be q(2). Suppose -6*c + n = 1. What is the highest common divisor of 28 and c?
7
Suppose 3*l - 2*b - 5 = 6, -10 = -3*l + b. Suppose 12*d = c + 8*d - 103, -l*d = 4*c - 355. What is the greatest common divisor of 13 and c?
13
Let x = -61 - -64. Let a be (-38)/(-3) - x/9*-1. What is the greatest common divisor of a and 13?
13
Let y(i) = -i**2 - 19*i - 37. Let r be y(-4). Let n be (-2)/12 - (-226)/(-12). Let x = n + r. What is the greatest common factor of x and 10?
2
Let l be (110 + 0)/(1/3). Calculate the greatest common factor of 6 and l.
6
Let f = -33 + 30. Let n = f - -17. Calculate the highest common factor of 112 and n.
14
Let s be (-4)/2 - -2 - -58. What is the highest common factor of s and 174?
58
Let p = 81 + 95. What is the greatest common divisor of 264 and p?
88
S